{"id":1445,"date":"2022-10-01T18:42:31","date_gmt":"2022-10-01T15:42:31","guid":{"rendered":"https:\/\/tenisgiller.com\/blog\/?page_id=1445"},"modified":"2022-10-01T18:42:33","modified_gmt":"2022-10-01T15:42:33","slug":"bayan-single-deficourt-change","status":"publish","type":"page","link":"https:\/\/tenisgiller.com\/blog\/bayan-single-deficourt-change\/","title":{"rendered":"Kad\u0131n Single Kort Tahsis De\u011fi\u015fiklik \/ \u0130ptal (Kura Sonras\u0131)"},"content":{"rendered":"\n<!--<p style=\"color:red;\">TEST!<\/p>-->\nError: user not logged id!\n<p><\/p>\nKaydet i\u015flemi yapt\u0131ktan sonra tekrar i\u015flem yapmak i\u00e7in sayfay\u0131 yenileyiniz.\n<p><\/p>\n","protected":false},"excerpt":{"rendered":"<p>Kaydet i\u015flemi yapt\u0131ktan sonra tekrar i\u015flem yapmak i\u00e7in sayfay\u0131 yenileyiniz.<\/p>\n","protected":false},"author":1,"featured_media":0,"parent":0,"menu_order":0,"comment_status":"closed","ping_status":"closed","template":"","meta":{"jetpack_post_was_ever_published":false,"footnotes":""},"class_list":["post-1445","page","type-page","status-publish","hentry"],"jetpack_shortlink":"https:\/\/wp.me\/P9JVe7-nj","jetpack_likes_enabled":true,"jetpack-related-posts":[],"jetpack_sharing_enabled":true,"_links":{"self":[{"href":"https:\/\/tenisgiller.com\/blog\/wp-json\/wp\/v2\/pages\/1445","targetHints":{"allow":["GET"]}}],"collection":[{"href":"https:\/\/tenisgiller.com\/blog\/wp-json\/wp\/v2\/pages"}],"about":[{"href":"https:\/\/tenisgiller.com\/blog\/wp-json\/wp\/v2\/types\/page"}],"author":[{"embeddable":true,"href":"https:\/\/tenisgiller.com\/blog\/wp-json\/wp\/v2\/users\/1"}],"replies":[{"embeddable":true,"href":"https:\/\/tenisgiller.com\/blog\/wp-json\/wp\/v2\/comments?post=1445"}],"version-history":[{"count":1,"href":"https:\/\/tenisgiller.com\/blog\/wp-json\/wp\/v2\/pages\/1445\/revisions"}],"predecessor-version":[{"id":1446,"href":"https:\/\/tenisgiller.com\/blog\/wp-json\/wp\/v2\/pages\/1445\/revisions\/1446"}],"wp:attachment":[{"href":"https:\/\/tenisgiller.com\/blog\/wp-json\/wp\/v2\/media?parent=1445"}],"curies":[{"name":"wp","href":"https:\/\/api.w.org\/{rel}","templated":true}]}}