{"id":583,"date":"2019-04-23T21:11:13","date_gmt":"2019-04-23T18:11:13","guid":{"rendered":"http:\/\/tenisgiller.com\/blog\/?page_id=583"},"modified":"2026-04-11T09:13:04","modified_gmt":"2026-04-11T06:13:04","slug":"rezervasyon-iptal","status":"publish","type":"page","link":"https:\/\/tenisgiller.com\/blog\/rezervasyon-iptal\/","title":{"rendered":"Rezervasyon \u0130ptal"},"content":{"rendered":"\n<!--\n<p><span style=\"color: #ff0000;\">Rezervasyon sistemi \u00f6n\u00fcm\u00fczdeki g\u00fcnlerde a\u00e7\u0131lacakt\u0131r. \u0130\u015flemlerinizi tenis odas\u0131ndan yapabilirsiniz.<\/p>\n\n-->\n<p>Rezervasyon taleplerinizi 0212 573 73 74 dahili 4 tu\u015flayarak Tenis Odas\u0131&#8217;na iletebilirsiniz. <\/p>\n\n<h2> A\u00e7\u0131klamalar <\/h2>\n<ol><li>Kort rezervasyon sistemini kullanabilmek i\u00e7in yaz kortu al\u0131nm\u0131\u015f ve Tenisgiller sitesine kullan\u0131c\u0131 kodu ve \u015fifreyle giri\u015f yap\u0131lm\u0131\u015f olmas\u0131 gerekmektedir. Yaz kortu almayanlar, hocalar, misafirler vs. daha \u00f6nce oldu\u011fu gibi Tenis Odas\u0131n\u0131 telefonla (0212 573 73 74 dahili 4) arayarak rezervasyon yapabilirler.<\/li><li>E\u011fer daha \u00f6nce yap\u0131lmad\u0131ysa Tenisgiller hesab\u0131 ile reservasyon sisteminde <a href=\"https:\/\/tenisgiller.com\/blog\/kullanici-eslestirme\/\">e\u015fle\u015ftirme<\/a> yap\u0131lmal\u0131d\u0131r.<\/li><li>Rezervasyon iptali daha \u00f6nce yap\u0131lm\u0131\u015f bir rezervasyon varsa yap\u0131labilir. <\/li><li>Rezervasyon iptalinin tabloda g\u00f6r\u00fcnmesi i\u00e7in 5 dk. kadar bir s\u00fcre ge\u00e7mesi gerekmektedir. <\/li><\/ol>\n\nError: user not logged id!\n\n\n\n\n<p><\/p>\n","protected":false},"excerpt":{"rendered":"<p>Rezervasyon taleplerinizi 0212 573 73 74 dahili 4 tu\u015flayarak Tenis Odas\u0131&#8217;na iletebilirsiniz. A\u00e7\u0131klamalar Kort rezervasyon sistemini kullanabilmek i\u00e7in yaz kortu al\u0131nm\u0131\u015f ve Tenisgiller sitesine kullan\u0131c\u0131 kodu ve \u015fifreyle giri\u015f yap\u0131lm\u0131\u015f olmas\u0131 gerekmektedir. Yaz kortu almayanlar, hocalar, misafirler vs. daha \u00f6nce oldu\u011fu gibi Tenis Odas\u0131n\u0131 telefonla (0212 573 73 74 dahili 4) arayarak rezervasyon yapabilirler. E\u011fer &hellip; <a href=\"https:\/\/tenisgiller.com\/blog\/rezervasyon-iptal\/\" class=\"more-link\">Okumaya devam et<span class=\"screen-reader-text\"> &#8220;Rezervasyon \u0130ptal&#8221;<\/span><\/a><\/p>\n","protected":false},"author":1,"featured_media":0,"parent":0,"menu_order":0,"comment_status":"closed","ping_status":"closed","template":"","meta":{"jetpack_post_was_ever_published":false,"footnotes":""},"class_list":["post-583","page","type-page","status-publish","hentry"],"jetpack_shortlink":"https:\/\/wp.me\/P9JVe7-9p","jetpack_likes_enabled":true,"jetpack-related-posts":[],"jetpack_sharing_enabled":true,"_links":{"self":[{"href":"https:\/\/tenisgiller.com\/blog\/wp-json\/wp\/v2\/pages\/583","targetHints":{"allow":["GET"]}}],"collection":[{"href":"https:\/\/tenisgiller.com\/blog\/wp-json\/wp\/v2\/pages"}],"about":[{"href":"https:\/\/tenisgiller.com\/blog\/wp-json\/wp\/v2\/types\/page"}],"author":[{"embeddable":true,"href":"https:\/\/tenisgiller.com\/blog\/wp-json\/wp\/v2\/users\/1"}],"replies":[{"embeddable":true,"href":"https:\/\/tenisgiller.com\/blog\/wp-json\/wp\/v2\/comments?post=583"}],"version-history":[{"count":19,"href":"https:\/\/tenisgiller.com\/blog\/wp-json\/wp\/v2\/pages\/583\/revisions"}],"predecessor-version":[{"id":1905,"href":"https:\/\/tenisgiller.com\/blog\/wp-json\/wp\/v2\/pages\/583\/revisions\/1905"}],"wp:attachment":[{"href":"https:\/\/tenisgiller.com\/blog\/wp-json\/wp\/v2\/media?parent=583"}],"curies":[{"name":"wp","href":"https:\/\/api.w.org\/{rel}","templated":true}]}}